 0 = -g - 0*i + 4*i - 2. What is the units digit of g?
0
Let a(x) = 1935*x**3 - x**2 - 3*x + 5. What is the units digit of a(1)?
6
Let w(f) be the third derivative of -f**6/120 - f**5/12 + 7*f**4/24 + 5*f**3/6 - 9*f**2. Let l be w(-6). What is the units digit of l/(3 - (-448)/(-148))?
7
Suppose 0 = -19*n - 16*n + 8680. What is the units digit of n?
8
Let f(w) = 7*w**3 + w. Let z be f(1). Let p(r) = -3 + 70*r + 65*r - 132*r. What is the units digit of p(z)?
1
Let a = 217 + -118. Let z = a - -1. What is the units digit of z?
0
Suppose -4*q = 47 - 63. Let w be (-12)/(-2)*2/4. What is the tens digit of w*q*22/12?
2
Suppose -b + 1739 = 3*r, -13*b + 16*b - 5242 = -4*r. What is the units digit of b?
4
Let r(f) = -f**2 - 2*f + 230. What is the tens digit of r(0)?
3
Let b = -34 - -31. Let g be (-2)/b - (-26)/6. Suppose 0 = -a - 2, g = 3*k - 5*a - 131. What is the tens digit of k?
4
Let v(o) = 2*o**3 - 34*o**2 + 5. Let n be v(17). Suppose 142 = x + n*h - 80, -514 = -2*x + 4*h. What is the tens digit of x?
4
Suppose -j + 138 = -5*b - 59, 4*j - 3*b - 720 = 0. Suppose 6*q = 909 - j. What is the hundreds digit of q?
1
Suppose 6*d = 3*d - 18. What is the units digit of (158/d)/(5/(-15))?
9
Let r be 2 + 0 + 5 + -5. Suppose b + 132 = -2*w, 2*b + r = 6. Let j = w + 111. What is the tens digit of j?
4
Let l(p) = p + 6*p - p**2 + 11 + 0. Let d be l(8). Suppose 4*r - 4*k = -2 + 114, -3*k + 114 = d*r. What is the units digit of r?
3
Let z be (4/3)/(1/3). Suppose -472 = -12*m + z*m. What is the units digit of m?
9
Let h = -19 + 43. Suppose 24 = 6*y - h. What is the units digit of y?
8
Let u = -425 - 784. Suppose 5*b - k + 8 = 0, 6 = -0*k + 2*k. What is the units digit of b/4 + u/(-52)?
3
Suppose 1 + 2 = q. Let j(k) = k**3 - k - 2. Let t be j(3). Suppose -2*a + 7 = q*n, 5*a - a - 2*n - t = 0. What is the units digit of a?
5
Suppose -4*j = 3*i - i + 12, 3*j + 8 = -2*i. Suppose i*x = 6*x - 40. Suppose -6 - x = 4*c, -2 = -2*g - 3*c. What is the units digit of g?
7
Let f = -74 - -66. What is the units digit of f/3*30/(-8)?
0
Let j be -1 + (-2 - 3)/(-1). Suppose -15*x + 16*x + i = 0, j*x = 5*i + 45. What is the units digit of x?
5
Suppose 0 = -16*k + 20*k - 56. Let u = k - -82. What is the tens digit of u?
9
What is the units digit of (-40)/30 + (-3495)/(-9)?
7
Let x(k) = k - 3. Let q be x(7). Suppose -q*i + 121 + 143 = 0. What is the tens digit of i?
6
Let j be 5/(-10) - (7119/6)/(-7). Suppose 2*f = -5*t + 344, -f - 7*t + 3*t = -j. What is the hundreds digit of f?
1
Suppose 3*b = w + 380, 0 = 4*b + 2*w - 54 - 436. Suppose -2*u + 4*p = 2*u - 20, 5 = -2*u - 3*p. What is the tens digit of (b/(-10))/((-1)/u)?
2
Let s = -59 - -67. Suppose 90 = -3*a + s*a. What is the units digit of a?
8
Suppose -2*y + 159 = y. Let s(g) = -13*g - 4. Let u be s(-2). Let m = y - u. What is the units digit of m?
1
Suppose -5*p + 20 = 5*r, -4*p = -2*r + r - 16. Suppose 7*b - 54 - 72 = r. What is the units digit of b?
8
Let c = 10 + -17. Let b(d) = -d**2 - 9*d - 5. What is the units digit of b(c)?
9
Suppose 2*o - 3*o - 56 = 0. Let i = 46 - o. What is the hundreds digit of i?
1
Suppose 2*c - 134 = -2*m - 0*c, -m + 3*c = -59. Suppose 0 = -l + 163 - m. What is the units digit of l?
8
Let t(o) = -o**3 - 5*o**2 - 6*o - 5. Let y be t(-5). Let d = y - 20. What is the units digit of d?
5
Suppose -4*w - 3*l + l + 90 = 0, -w = 3*l - 35. Let y = w - 22. What is the units digit of -2 - -45 - y - 1?
4
Let t(b) = -b + 16. Let i be t(9). Suppose 0 = -i*q + 155 - 50. What is the tens digit of q?
1
Let g be ((-72)/6)/(6/(-20)). Let d = -26 + g. What is the tens digit of d?
1
What is the thousands digit of 3/((-63064)/31544 + 2)?
3
Suppose -2*f = -2*x + 22, -4*x + 31 = 5*f + 23. What is the units digit of x?
7
Let f(k) = -k + 10. Let t be f(7). Suppose 0 = -5*y - j - 2*j + 751, -t*j = 2*y - 295. What is the tens digit of y?
5
Let y be 2 - 10/1 - 0. Let i be (44/y)/(2/4). Let w = i - -28. What is the units digit of w?
7
What is the hundreds digit of (106/8)/((-511)/(-168) - 3)?
3
Suppose 2*d = -0*d + 6. Suppose d*i = 10*i - 35. What is the units digit of i?
5
Suppose -10*i + 4625 + 5425 = 0. What is the thousands digit of i?
1
Suppose -5*j + 173 + 102 = 0. Let b = 8 + j. What is the tens digit of b?
6
Suppose -23 = q + 4*b - 63, 2*b = -4. Let l = 120 - q. What is the tens digit of l?
7
Let f(n) = n**3 - 9*n**2 + 10*n - 16. Let t be f(8). Suppose 4*o = -5*w + 4*w + 88, 4*w + 4*o - 376 = t. What is the units digit of w?
6
What is the units digit of 2 - (-2 + -4 + 3)?
5
What is the hundreds digit of -8 - 49*(-4 - 6)?
4
Suppose -4498 + 18939 = 7*s. What is the units digit of s?
3
What is the hundreds digit of 305 + 0/(-3) - (-15 - -19)?
3
Let a = 7 - 10. Let m be 1*a*(-400)/(-15). What is the tens digit of (m/(-6))/(-5)*-9?
2
Let q be ((-3)/(-2))/(3/6). Suppose -14*m - m + 1440 = 0. Suppose -q*h + m = 21. What is the tens digit of h?
2
Let l(q) = 3*q**2 + q - 4. Suppose 16 = 3*o - 11*o. What is the units digit of l(o)?
6
Suppose -35 = 3*r - 8*r. Suppose 144 + 311 = r*p. Suppose 0 = 5*h + 2*s - 0*s - p, 5*h + 3*s - 60 = 0. What is the tens digit of h?
1
Suppose 1 + 15 = 4*x + 5*i, 5*x - 33 = -3*i. Let a(u) = 3*u**2 - 22*u + 6. What is the tens digit of a(x)?
5
Let l be ((-2)/(-4))/((-1)/394). Let c = 288 + l. What is the tens digit of c?
9
Let d(j) = -23*j + 74 + 12*j + 12*j - 29. Let f(q) = q + 3. Let t be f(-3). What is the tens digit of d(t)?
4
Let i = 35 - 53. Let b be (i/((-6)/(-2)))/(-2). Suppose 100 = 8*u - b*u. What is the units digit of u?
0
Let f(q) = -5*q - 7. Let l be f(-4). Let u = l + 86. What is the units digit of u?
9
Let p = 1564 + -1166. What is the units digit of p?
8
What is the tens digit of 164/(-4 - 2960/(-730))?
9
Let h = -2889 + 4091. What is the units digit of h?
2
Let f(a) = -2*a + 7. Let x be f(4). Let d be ((-21)/(-5))/(x/5). Let l = d + 53. What is the units digit of l?
2
Let s = 5 + 0. Suppose -535 + 80 = -s*z. Suppose 0 = 2*u - 0*n - 3*n - z, -n = 3*u - 142. What is the tens digit of u?
4
Let b be (0 + 10)*2/4. Suppose -5*d = b*r, r - 6*d + 16 = -3*d. What is the units digit of ((-5)/2)/(2/r)?
5
Let t be (2 + 2)/(6/3). Let r = 7 + -3. Suppose -r*o - 2 = 2*l, -2*o - l + 3 = t*o. What is the units digit of o?
2
Let o(c) = 12*c**3 - 7*c**2 + 7*c + 38. What is the thousands digit of o(6)?
2
Let l(c) = c - 2. Let w be l(8). Suppose w = 4*z - 2. What is the tens digit of (-1 - -72)/(z/2)?
7
Let s be (2 - 1)/((-1)/79). Let j = -824 - -712. Let x = s - j. What is the units digit of x?
3
Let b = 3591 + -2557. What is the hundreds digit of b?
0
Let q(f) = 8*f + 1. Let v(n) = -8*n - 1. Let i(o) = 3*q(o) + 4*v(o). Let k be i(-10). Suppose -k = -5*t - 4*w, -5*t = w - 51 - 40. What is the tens digit of t?
1
Suppose -3*j + 278 = i - 252, -4*j - 1110 = -2*i. Let l = -314 + i. What is the hundreds digit of l?
2
Let n = 42 - 38. Suppose -2*o - 424 = -n*o. What is the units digit of o?
2
Suppose -59*l + 55*l = -8844. What is the units digit of l?
1
Let m(k) = -k**3 + 6*k**2 - 8*k + 8. Let c be m(6). Let a = -20 - c. What is the units digit of (24/a)/((-12)/(-40))?
4
Suppose 5*k - 42 = -4*p, 2*p - k + 5*k = 24. What is the tens digit of 60/1 - 40/p?
5
Suppose 10*g - 104 = -14. Suppose 7*y - g*y + 278 = 0. What is the hundreds digit of y?
1
Let z be (0 - (-8)/4)*11. Suppose -8*h = -9*h - 17. Let i = h + z. What is the units digit of i?
5
Let z be 6*-4*(-3)/24. Suppose -3 = z*j + u + 2*u, -11 = -3*j + 4*u. Let g = 16 - j. What is the tens digit of g?
1
Let b = 617 - -1654. What is the tens digit of b?
7
Let i = 1 - -4. Suppose -2*o + 3*o = -5*w + 36, -48 = -i*w + 2*o. Let d(n) = n**2 - 7*n + 10. What is the units digit of d(w)?
8
Let w = -119 + 119. Suppose w = -2*j - 3*z + 79, -5*j = 2*z - 6*z - 140. What is the units digit of j?
2
Suppose 3533 = 6*q - 1501. What is the hundreds digit of q?
8
Let n = -9 + 53. Let q = 7 - 7. Suppose -4*w + 63 = -3*v, n = 2*w - 4*v - q*v. What is the tens digit of w?
1
Let p(f) = -48*f + 75. What is the tens digit of p(-6)?
6
What is the hundreds digit of ((-15)/20)/((-3 - 1)/3552)?
6
Let l = 83 - 84. Let x(a) = -201*a**3 - 2*a - 1. What is the units digit of x(l)?
2
Let j = -32 - -35. What is the units digit of (-41)/(-3)*j*1?
1
Suppose 2*r = 4*b + 1118, 238 - 1383 = -2*r -